or of 1976850 and 55430.
230
What is the greatest common factor of 26 and 1920217?
13
What is the greatest common divisor of 11137 and 63973?
259
What is the greatest common factor of 155800 and 4428?
164
What is the greatest common divisor of 272970 and 14202?
54
Calculate the greatest common divisor of 110550 and 16732100.
550
What is the greatest common factor of 5498500 and 145500?
500
Calculate the greatest common factor of 7129297 and 14.
7
Calculate the highest common factor of 30355 and 6721.
13
Calculate the greatest common factor of 4292404 and 1444.
76
Calculate the greatest common divisor of 59 and 500585854.
59
What is the greatest common factor of 161 and 23290127?
7
Calculate the greatest common divisor of 101 and 250226692.
101
What is the greatest common factor of 16392 and 30240?
24
What is the greatest common factor of 79524302 and 18590?
3718
What is the greatest common factor of 484608 and 1772479?
631
Calculate the greatest common factor of 29238 and 451.
11
What is the greatest common divisor of 1521219 and 58899?
2031
What is the highest common divisor of 258966 and 10386?
18
Calculate the highest common factor of 206340534 and 97.
97
What is the highest common factor of 3963 and 33615487?
1321
What is the greatest common factor of 380 and 13320824?
76
Calculate the greatest common factor of 123961685 and 15.
5
What is the highest common factor of 588 and 3780924?
84
What is the greatest common factor of 91532 and 67194295?
3269
What is the highest common divisor of 126150 and 28050?
150
Calculate the highest common divisor of 22308 and 8796.
12
What is the greatest common divisor of 20326180 and 308?
28
What is the highest common factor of 2977527 and 798?
21
Calculate the highest common divisor of 4038772 and 296.
148
Calculate the greatest common factor of 26041889 and 307.
307
What is the greatest common factor of 953802 and 139226?
2078
What is the highest common divisor of 426 and 260616?
6
Calculate the greatest common factor of 215 and 158447690.
215
What is the highest common divisor of 25996752 and 144?
144
Calculate the greatest common divisor of 4275744 and 8052.
132
Calculate the greatest common divisor of 9510186 and 12096.
42
What is the greatest common factor of 4 and 308897486?
2
What is the highest common divisor of 13432 and 13801672?
584
Calculate the greatest common factor of 34588246 and 8778.
2926
Calculate the highest common divisor of 2 and 20785177.
1
Calculate the greatest common factor of 89875 and 520750.
125
Calculate the greatest common divisor of 89059 and 75198.
83
What is the highest common factor of 128519054 and 2152?
538
Calculate the greatest common factor of 14626 and 1386998.
206
Calculate the greatest common divisor of 1914033 and 383625.
1023
What is the highest common factor of 28467 and 5211?
9
What is the greatest common divisor of 798342330 and 2085?
2085
What is the greatest common factor of 1895972759 and 20498?
10249
What is the highest common factor of 3501 and 843592791?
1167
Calculate the greatest common factor of 18498 and 2938.
2
What is the greatest common divisor of 2105 and 7468961?
421
What is the highest common divisor of 314470 and 86884330?
5330
What is the greatest common divisor of 408929745 and 3087?
1029
What is the highest common divisor of 209730802 and 578?
34
Calculate the greatest common factor of 4 and 470812520.
4
What is the greatest common divisor of 48 and 517211664?
48
Calculate the highest common divisor of 2622618 and 1620.
162
Calculate the highest common divisor of 918304 and 46048.
32
What is the highest common factor of 578 and 1502311012?
578
Calculate the greatest common factor of 3636916256 and 16.
16
Calculate the highest common divisor of 45148616 and 29906.
1574
Calculate the highest common factor of 350 and 967875.
25
Calculate the highest common divisor of 294982578 and 181.
181
What is the greatest common factor of 533907 and 51579?
99
What is the highest common divisor of 34226872 and 872?
872
Calculate the greatest common factor of 15957306 and 72.
18
What is the greatest common factor of 91 and 83644769?
13
Calculate the highest common factor of 83884944 and 1212.
1212
Calculate the highest common divisor of 7613 and 1403.
23
Calculate the greatest common factor of 1267824 and 12871.
61
Calculate the highest common factor of 15912 and 493974.
234
Calculate the greatest common divisor of 53325 and 104043.
237
What is the greatest common divisor of 16 and 132092576?
16
What is the highest common divisor of 20 and 14029770?
10
What is the greatest common factor of 221088 and 117876?
564
Calculate the greatest common factor of 123933816 and 328.
328
What is the highest common divisor of 102085 and 8755?
85
Calculate the highest common divisor of 172 and 175317450.
86
Calculate the greatest common factor of 301290 and 3025.
605
What is the greatest common factor of 55697398 and 19?
19
What is the highest common divisor of 935 and 1821193?
187
Calculate the highest common factor of 94265 and 4590.
85
What is the greatest common divisor of 258 and 79241432?
86
What is the highest common factor of 121 and 99785191?
121
What is the greatest common divisor of 158817 and 18203?
167
Calculate the highest common divisor of 443689270 and 1015.
145
What is the highest common divisor of 384979 and 919601?
1279
What is the greatest common factor of 394500 and 761385?
3945
Calculate the greatest common factor of 36019291 and 1001.
77
Calculate the highest common factor of 696 and 568709952.
696
What is the highest common factor of 28548 and 13172523?
2379
Calculate the greatest common factor of 260654 and 228642.
106
Calculate the highest common divisor of 529956 and 2940.
84
Calculate the highest common divisor of 1402921 and 6593.
347
What is the greatest common factor of 329681560 and 260?
260
What is the highest common factor of 2 and 1511256?
2
Calculate the greatest common divisor of 90 and 102105670.
10
Calculate the greatest common divisor of 48 and 48169936.
16
Calculate the highest common factor of 3075123 and 76383.
2829
What is the highest common divisor of 1111504 and 648208?
2032
What is the greatest common divisor of 3675 and 51727725?
525
Calculate the highest common factor of 20270099 and 59.
59
Calculate the highest common divisor of 108 and 221373.
27
What is the highest common divisor of 4728 and 16572?
12
Calculate the greatest common divisor of 124087756 and 156.
52
Calculate the highest common factor of 119985 and 16140.
15
Calculate the greatest common divisor of 12388 and 785420879.
3097
What is the greatest common divisor of 2899350 and 1547?
17
What is the greatest common factor of 1606 and 96871?
73
Calculate the greatest common divisor of 195 and 6917170.
65
Calculate the highest common factor of 35489115 and 1932.
69
Calculate the highest common divisor of 37994 and 75504.
242
Calculate the greatest common divisor of 43386706 and 88.
22
What is the highest common factor of 275229 and 2179329?
1731
What is the highest common divisor of 462 and 72506?
14
What is the highest common factor of 2498500 and 13870?
190
What is the highest common factor of 73895412 and 15?
3
What is the highest common factor of 490 and 26558?
98
Calculate the highest common factor of 473 and 8215801.
11
What is the highest common divisor of 61490 and 10533710?
4730
What is the greatest common divisor of 322170 and 2190?
30
What is the greatest common divisor of 279 and 3880425?
93
Calculate the greatest common factor of 761004 and 39168.
36
Calculate the highest common factor of 33733 and 72723529.
4819
Calculate the greatest common divisor of 1823055 and 105.
15
Calculate the highest common divisor of 736443 and 169623.
423
What is the greatest common divisor of 23340 and 135600?
60
What is the greatest common divisor of 704 and 106825928?
88
What is the highest common divisor of 1744 and 763981?
109
Calculate the greatest common factor of 12460 and 9729020.
140
What is the highest common divisor of 165 and 721123755?
165
Calculate the greatest common divisor of 4401020 and 2080.
260
Calculate the highest common factor of 2989305 and 18755.
605
Calculate the highest common divisor of 364 and 17566900.
52
What is the greatest common div